 the first derivative of s**4/4 + 4*s**3/3 - 5*s**2/2 + 3*s + 1. What is m(u)?
3
Let y(o) = -11*o**3 + o - 1. Suppose 0 = 3*m - 6*c + 4*c + 7, 0 = -4*m - 5*c - 17. Let a = m - -4. Determine y(a).
-11
Let s(n) = 2*n + 9*n**2 + 2*n**2 - 1 - 4*n**2 - 5*n**2. Give s(-2).
3
Let m(w) = -3*w**2 + 5 - 7*w + 4*w**2 + 0. Calculate m(5).
-5
Let v(f) = f**3 + 4*f**2 - 6*f - 4. Suppose 0 = 5*c - 5, r + 19 = -3*r - c. Give v(r).
1
Let p(w) = -w + 2. Let a be p(6). Let f be 6/a*-2 - 2. Let b(l) = -42 + l**3 + 3*l**2 - l**2 + 41. What is b(f)?
2
Let j(t) = t**3 - 4*t**2 - 5*t + 3. Let c be (-3 + (-44)/(-8))/((-3)/(-6)). What is j(c)?
3
Let x(y) be the third derivative of y**6/180 - y**5/24 + y**4/6 + 5*y**3/6 + 2*y**2. Let b(z) be the first derivative of x(z). Determine b(3).
7
Let p(f) = f**3 - 2*f**2 - 2*f + 2. Let a = 1 - -3. Suppose a*b - 10 = 2. Give p(b).
5
Let r(x) = x**2 - x - 5. Let o(q) = 1. Let f(a) = 6*o(a) + r(a). Suppose -3*k + 0 = -15. Let s = k - 3. Give f(s).
3
Let v(d) = 14*d - 3. Let h(j) = -9*j + 2. Let t(n) = -8*h(n) - 5*v(n). Let w(x) = 4*x - 40. Let m be w(9). Give t(m).
-9
Let d(y) = 5*y**2 + y + 12 - y**3 - 5 - 2*y. Let g(m) = -12*m - 7. Let o be g(-1). What is d(o)?
2
Let n(r) = 3*r**2 + r. Let d(f) = -9 + f + 9. Let p be d(2). Calculate n(p).
14
Let k be 1 - 3 - 12/(-4). Let g(y) = 3*y**2 + y - 1. Calculate g(k).
3
Let n(j) = -j**2 - 4*j + 1. Suppose w + 5*i = 19, i - 1 = -3*w - 0*i. Let t be (w/(-3))/(1/(-9)). What is n(t)?
4
Let h(y) be the second derivative of y**3/6 + 5*y**2/2 - 39*y. Determine h(-7).
-2
Let s(y) = 5 - 6*y - 7 + 2. Give s(2).
-12
Let x(b) be the second derivative of b**4/12 - b**3/2 + 2*b**2 + 2*b. Let k = 35 - 32. What is x(k)?
4
Suppose 0*g + 90 = 5*g. Suppose -g = -3*z - 3*m, 3*z + 3*m = 2*z + 8. Let u = z - 7. Let l(j) = j. Calculate l(u).
-2
Let f(v) = v**2 + 6*v - 3. Suppose -5*r + 1 = -3*h, 3*h - 65 = -2*h - 5*r. Let a(g) = g**3 - 7*g**2 - 10*g + 10. Let c be a(h). Determine f(c).
-3
Suppose -6 = b - 1. Let q(t) = 3*t**3 + 12*t**2 + 2*t + 1. Let g(z) = z**3 + 4*z**2 + z. Let y(x) = 8*g(x) - 3*q(x). Give y(b).
12
Let h(y) = y + 2 + 3*y - 2*y. Let u be (-7 - -6) + 5/(-1). What is h(u)?
-10
Let h(m) = -m + 1. Let v(b) = -4*b + 5. Let d(a) = -9*h(a) + 2*v(a). Give d(6).
7
Let j(a) be the third derivative of a**5/60 - 3*a**4/8 + a**3/2 + 10*a**2. Determine j(6).
-15
Let q = -99 - -102. Let d(i) = -3*i**2 + 4*i. Give d(q).
-15
Let j(r) = -3*r + 1. Let y(m) = -1. Let d(l) = j(l) + 6*y(l). What is d(-4)?
7
Suppose -6 = -2*r + 6. Let f = 1 - -2. Let j be (0 - f/r)*10. Let g(p) = -p**3 - 4*p**2 + 5*p + 2. Calculate g(j).
2
Let m(n) = 7*n**3 - 10*n**2 - 6*n - 8. Let p(l) = -8*l**3 + 11*l**2 + 7*l + 9. Let o(c) = 7*m(c) + 6*p(c). Calculate o(4).
-2
Let r(k) = k**2 + 6*k + 6. Let c be 5 - 9/((-9)/(-3)). Suppose -n + c = -0*n. Suppose i + 5*x = -25, 0*x - n*x - 13 = i. Determine r(i).
1
Let t(h) = h**3 - 10*h**2 + 9*h. Let x be t(9). Let m be 2 - (3 + (2 - x)). Let o(g) be the third derivative of g**4/24 - g**3/6 - 2*g**2. What is o(m)?
-4
Let p(r) be the first derivative of -1/2*r**2 + 0*r**3 + r - 1 + 3/2*r**4. Let v = 10 - 9. Calculate p(v).
6
Let v(j) be the third derivative of j**6/120 - j**5/10 + j**4/24 + 2*j**3/3 - 2*j**2. Calculate v(5).
-16
Let a be ((-3)/(-6))/(3/(-30)). Let y = -3 - a. Suppose -y*u - 2 + 6 = 0. Let v(h) = h - 2. Determine v(u).
0
Let l = 62 + -65. Let g(f) = f**2 + 2*f. What is g(l)?
3
Let q(z) = -9*z - 4. Let n(r) = -4*r - 2. Let w(l) = 13*n(l) - 6*q(l). Determine w(6).
10
Let u(t) = 4*t - 3. Suppose m = -4*s + 4*m, 3*m + 21 = -3*s. What is u(s)?
-15
Let f(t) = 2 + 0*t**2 + 0 + 2*t + 1 - t**2. What is f(4)?
-5
Let z = -2 + 5. Suppose -9 = 2*y + z. Let k(o) = -o - 14. Calculate k(y).
-8
Let q(d) = -d + 2. Let s(f) = 2*f**2. Let j be s(-1). Give q(j).
0
Suppose -9*s = -4*s. Let w(t) be the second derivative of -1/6*t**3 + s - t + t**2 + 1/12*t**4. Give w(2).
4
Let v(o) = o**3 - 5*o**2 + 4*o + 1. Suppose m + 0*m + 4*u = 4, 0 = -2*m - 5*u + 8. What is v(m)?
1
Let x(n) = n**3 + 4*n**2 + n - 5. Suppose c - 5*v = -10, 0 = 5*c + 3*v - v - 31. Suppose -4*l - 3*f - 41 = 2*f, -3*l + c*f = -13. Determine x(l).
-9
Suppose 10 + 0 = 2*s. Suppose 0 = s*f - 3*f + 12. Let g(o) = -o**3 - 7*o**2 - 5*o + 1. Give g(f).
-5
Let p(j) = 2*j - 2. Suppose 0 = 2*y + 2*y - q - 20, 10 = 2*y + q. Let x = y + -1. Give p(x).
6
Suppose 0 = -6*b + 5*b + 1. Let x(h) = b + 4*h + h - 4*h. Let f(o) = -1. Let k(a) = 3*f(a) + 2*x(a). What is k(-1)?
-3
Let r(n) = 5*n + 1. Let s(t) be the second derivative of -t**4/12 - t**3 - 7*t**2/2 - t. Let y be s(-5). What is r(y)?
-9
Let x(m) = -m**2 - 9*m + 6. Let t(h) = 4*h**2 + 26*h - 21. Let a(f) = -f - 1. Let j(n) = 2*a(n) - t(n). Let s(p) = -2*j(p) + 7*x(p). Give s(7).
4
Suppose 0 = -5*m + 11 + 14. Suppose 0 = -n + 10 - m. Let t(j) = -j. Give t(n).
-5
Let o(h) = -h + 1. Suppose 12 = -n + 4*p, 5*n - 2*p - 20 = 2*p. Let l = n + -3. Let i = l + -3. Calculate o(i).
-1
Let r = -7 + 11. Suppose -3*a + 15 = s - 5*s, 2 = -r*a - 2*s. Let t(j) be the first derivative of -j**4/4 + j**2 - j + 1. Give t(a).
0
Let h = 13 + -8. Let l(v) be the third derivative of 1/24*v**4 + 0 + 0*v - v**2 - v**3. Determine l(h).
-1
Suppose -i - 4 = -2*i. Suppose -2*q - v + 12 = -5*v, -q + 12 = -i*v. Let a(o) be the third derivative of o**6/120 + o**5/60 - o**3 - o**2. Give a(q).
-6
Suppose -41 = 4*u + 5*f, 0 = 5*u + 3*f - 5*f + 10. Let o(p) = 13 - 23 + 8 - 2*p. Calculate o(u).
6
Let n = -45 + 48. Let m(c) = c**2 + 5 - 2 - 3*c + 0. Give m(n).
3
Let l(k) = 3*k - 1. Suppose 5*g - 2*u - 30 = 0, -2*u = 3*g + 3*u - 18. Calculate l(g).
17
Let p(a) = -a**2 - 2. Let s(n) = n + 2. Let b be (1 - 1)*3/6. Let o be s(b). What is p(o)?
-6
Let o be (-18)/8*(-16)/6. Let u(h) = o*h + h - h**2 + 0*h - 4. Suppose 3 = 4*f - 13. Calculate u(f).
8
Let d(s) = s**2 - 9*s + 9. Suppose 3*n - 21 = -4*a, 2*a + 21 = 3*n + a. What is d(n)?
-5
Let r(v) be the second derivative of -v**5/10 + v**4/12 + 2*v**3/3 - 3*v**2/2 + v. Let f(b) = -2*b + 4 + 2 - 3 + 11. Let q be f(6). Give r(q).
-7
Suppose o - 2 = 6. Let c be 2/o + 51/(-12). Let t(f) = 2*f + 4. Give t(c).
-4
Let b(t) = -t**2 - 3*t + 3. Suppose 0 = 3*p - 8*p - 10. Let w = p + -2. What is b(w)?
-1
Let m(p) = p**2 - 14*p + 7. Let r be m(13). Let l(y) = -y**2 - 6*y - 1. Determine l(r).
-1
Suppose -3*q + 27 = 54. Let d(p) = 2*p + 9. Give d(q).
-9
Let y(a) be the third derivative of a**4/12 - 2*a**3/3 + 2*a**2. Calculate y(-4).
-12
Let t(d) be the third derivative of 2*d**2 + 0*d + 0 + 1/6*d**3 + 1/24*d**4. What is t(-4)?
-3
Let n be 4*(1 + 0) - (9 - 7). Let y(g) = g - 3. Determine y(n).
-1
Let o(j) be the third derivative of -j**6/120 - j**5/15 + j**4/24 - j**3/6 - 5*j**2. Give o(-4).
-5
Let o be -10 - -5 - (1 - 1). Let w(u) = -2*u - 6. Calculate w(o).
4
Suppose -25 = -3*r - 4*q, -5*q = -q - 16. Let b(x) = -2*x + 2*x + 1 + r*x. Let m(i) = 4*i + 2. Let n be m(-1). What is b(n)?
-5
Let h(c) = 2*c + 4. Suppose -7 = 4*s + 9. Give h(s).
-4
Let a(q) = q**2 + 6*q + 5. Suppose -4*t = -11 + 3. Let c be (-2 - (1 + t)) + 0. Give a(c).
0
Let l(t) = 5*t + 31 - 35 - t + 4*t**2 - 3*t**2. Suppose 0 = -2*n + 11 + 9. Suppose n = -0*p - 2*p. Determine l(p).
1
Suppose -11 = -n - 6. Let o(l) = l - 9. Give o(n).
-4
Let v(w) be the second derivative of 1/2*w**2 - w - w**3 + 1/60*w**5 + 1/24*w**4 + 0. Let m(t) be the first derivative of v(t). Calculate m(0).
-6
Suppose -21 + 6 = -m - 4*t, -3*m - 2*t = 5. Let l(y) = -y**3 - 4*y**2 + 2*y - 1. What is l(m)?
14
Suppose -4*n + 20 = -20. Let h be n/(-3) - (-20)/60. Let d(q) be the second derivative of -q**3/6 + q**2 + q. Determine d(h).
5
Let f be -2 + 1 + 0 + 2. Let t = f - 2. Let j(q) = 2 + 1 - 2 - q. Calculate j(t).
2
Let g = 0 + 0. Let t(s) be the second derivative of -s**4/12 - s**3/6 - s**2/2 - 6*s. Calculate t(g).
-1
Let g(s) = -s + 1. Let b be 16/(-56) - 136/14. Let u be (-4)/b - 68/20. What is g(u)?
4
Suppose 5 = -7*l + 6*l + 5*t, -4*l + 4*t - 20 = 0. Let y(z) = -z**2 - 5*z - 4. Determine y(l).
-4
Let n(w) be the first derivative of -w**2 + 1/24*w**4 + 1/30*w**5 + 0*w + 1/6*w**3 - 1. Let j(u) be the second derivative of n(u). Give j(-1).
2
Let p(v) = 3*v + 6. Let u(c) be the third derivative of c**6/60 + c**5/15 + c**4/12 + c**2. Let a be u(-2). Determine p(a).
-6
